e prime factors of 7329.
3, 7, 349
What are the prime factors of 2291?
29, 79
List the prime factors of 127275.
3, 5, 1697
List the prime factors of 1676.
2, 419
What are the prime factors of 22720?
2, 5, 71
What are the prime factors of 71343?
3, 7927
What are the prime factors of 610?
2, 5, 61
List the prime factors of 892.
2, 223
What are the prime factors of 6040?
2, 5, 151
List the prime factors of 647.
647
What are the prime factors of 4459?
7, 13
What are the prime factors of 205?
5, 41
What are the prime factors of 3190?
2, 5, 11, 29
List the prime factors of 109669.
7, 15667
What are the prime factors of 642?
2, 3, 107
List the prime factors of 50353.
43, 1171
What are the prime factors of 1678?
2, 839
What are the prime factors of 7953?
3, 11, 241
List the prime factors of 90097.
7, 61, 211
What are the prime factors of 3397?
43, 79
What are the prime factors of 89253?
3, 47, 211
List the prime factors of 97347.
3, 37, 877
What are the prime factors of 41915?
5, 83, 101
What are the prime factors of 4757?
67, 71
List the prime factors of 65867.
65867
List the prime factors of 55005.
3, 5, 19, 193
What are the prime factors of 10157?
7, 1451
What are the prime factors of 103488?
2, 3, 7, 11
What are the prime factors of 12542?
2, 6271
List the prime factors of 861.
3, 7, 41
What are the prime factors of 3984?
2, 3, 83
List the prime factors of 497.
7, 71
List the prime factors of 6833.
6833
What are the prime factors of 2976?
2, 3, 31
What are the prime factors of 74527?
74527
List the prime factors of 836.
2, 11, 19
List the prime factors of 54700.
2, 5, 547
List the prime factors of 35391.
3, 47, 251
What are the prime factors of 1745?
5, 349
What are the prime factors of 26157?
3, 8719
List the prime factors of 4771.
13, 367
List the prime factors of 1477.
7, 211
What are the prime factors of 6307?
7, 17, 53
List the prime factors of 9254.
2, 7, 661
List the prime factors of 837.
3, 31
List the prime factors of 1739.
37, 47
What are the prime factors of 378?
2, 3, 7
List the prime factors of 59605.
5, 7, 13, 131
What are the prime factors of 5103?
3, 7
List the prime factors of 20077.
17, 1181
What are the prime factors of 16090?
2, 5, 1609
What are the prime factors of 52572?
2, 3, 13, 337
What are the prime factors of 6271?
6271
What are the prime factors of 6022?
2, 3011
List the prime factors of 544.
2, 17
What are the prime factors of 5757?
3, 19, 101
What are the prime factors of 1553?
1553
List the prime factors of 333.
3, 37
List the prime factors of 1410.
2, 3, 5, 47
List the prime factors of 419.
419
What are the prime factors of 3403?
41, 83
List the prime factors of 1362.
2, 3, 227
List the prime factors of 11421.
3, 47
What are the prime factors of 78168?
2, 3, 3257
List the prime factors of 898.
2, 449
List the prime factors of 3848.
2, 13, 37
List the prime factors of 22147.
22147
List the prime factors of 16419.
3, 13, 421
What are the prime factors of 19010?
2, 5, 1901
List the prime factors of 61421.
17, 3613
List the prime factors of 96586.
2, 7, 6899
What are the prime factors of 349?
349
List the prime factors of 33041.
19, 37, 47
List the prime factors of 22399.
13, 1723
List the prime factors of 5421.
3, 13, 139
What are the prime factors of 9335?
5, 1867
List the prime factors of 14356.
2, 37, 97
What are the prime factors of 1047?
3, 349
List the prime factors of 1225.
5, 7
List the prime factors of 3496.
2, 19, 23
List the prime factors of 31981.
31981
List the prime factors of 2606.
2, 1303
What are the prime factors of 11236?
2, 53
What are the prime factors of 15510?
2, 3, 5, 11, 47
List the prime factors of 2786.
2, 7, 199
List the prime factors of 39091.
13, 31, 97
List the prime factors of 5786.
2, 11, 263
What are the prime factors of 507?
3, 13
List the prime factors of 20620.
2, 5, 1031
What are the prime factors of 24270?
2, 3, 5, 809
What are the prime factors of 5259?
3, 1753
What are the prime factors of 9430?
2, 5, 23, 41
What are the prime factors of 450?
2, 3, 5
What are the prime factors of 53547?
3, 13, 1373
List the prime factors of 659.
659
List the prime factors of 1114.
2, 557
List the prime factors of 1592.
2, 199
List the prime factors of 5156.
2, 1289
What are the prime factors of 4468?
2, 1117
List the prime factors of 5214.
2, 3, 11, 79
List the prime factors of 2199.
3, 733
List the prime factors of 135860.
2, 5, 6793
What are the prime factors of 1027?
13, 79
What are the prime factors of 4685?
5, 937
List the prime factors of 280.
2, 5, 7
What are the prime factors of 9405?
3, 5, 11, 19
List the prime factors of 160324.
2, 149, 269
List the prime factors of 1520.
2, 5, 19
What are the prime factors of 459?
3, 17
List the prime factors of 78430.
2, 5, 11, 23, 31
List the prime factors of 3153.
3, 1051
What are the prime factors of 36139?
71, 509
What are the prime factors of 5440?
2, 5, 17
List the prime factors of 67088.
2, 7, 599
What are the prime factors of 1543?
1543
List the prime factors of 721.
7, 103
List the prime factors of 8371.
11, 761
List the prime factors of 23929.
23929
What are the prime factors of 1457?
31, 47
What are the prime factors of 7994?
2, 7, 571
List the prime factors of 686.
2, 7
List the prime factors of 21519.
3, 797
List the prime factors of 1236.
2, 3, 103
List the prime factors of 6952.
2, 11, 79
What are the prime factors of 12909?
3, 13, 331
What are the prime factors of 4982?
2, 47, 53
What are the prime factors of 30102?
2, 3, 29, 173
What are the prime factors of 12790?
2, 5, 1279
List the prime factors of 17184.
2, 3, 179
List the prime factors of 2412.
2, 3, 67
What are the prime factors of 1028?
2, 257
List the prime factors of 562.
2, 281
List the prime factors of 23681.
7, 17, 199
What are the prime factors of 72?
2, 3
What are the prime factors of 18688?
2, 73
List the prime factors of 8175.
3, 5, 109
What are the prime factors of 507?
3, 13
List the prime factors of 1761.
3, 587
List the prime factors of 50186.
2, 23, 1091
What are the prime factors of 4151?
7, 593
What are the prime factors of 46484?
2, 11621
What are the prime factors of 163368?
2, 3, 2269
What are the prime factors of 135?
3, 5
What are the prime factors of 1170?
2, 3, 5, 13
List the prime factors of 86906.
2, 19, 2287
What are the prime factors of 44365?
5, 19, 467
List the prime factors of 9475.
5, 379
What are the prime factors of 9894?
2, 3, 17, 97
What are the prime factors of 13307?
7, 1901
What are the prime factors of 15058?
2, 7529
List the prime factors of 14406.
2, 3, 7
List the prime factors of 112402.
2, 43, 1307
What are the prime factors of 824?
2, 103
What are the prime factors of 2764?
2, 691
List the prime factors of 55276.
2, 13, 1063
What are the prime factors of 1662?
2, 3, 277
List the prime factors of 9055.
5, 1811
List the prime factors of 1409.
1409
What are the prime factors of 3806?
2, 11, 173
List the prime factors of 88780.
2, 5, 23, 193
List the prime factors of 673.
673
List the prime factors of 864.
2, 3
List the prime factors of 61375.
5, 491
What are the prime factors of 64475?
5, 2579
List the prime factors of 20163.
3, 11, 13, 47
What are the prime factors of 3208?
2, 401
List the prime factors of 193.
193
What are the prime factors of 3688?
2, 461
What are the prime factors of 1073?
29, 37
What are the prime factors of 51382?
2, 23, 1117
List the prime factors of 9313.
67, 139
List the prime factors of 3677.
3677
List the prime factors of 92040.
2, 3, 5, 13, 59
What are the prime factors of 7639?
7639
List the prime factors of 256.
2
What are the prime factors of 2697?
3, 29, 31
What are the prime factors of 122848?
2, 11, 349
What are the prime factors of 1220?
2, 5, 61
What are the prime factors of 211?
211
What are the prime factors of 113799?
3, 7, 5419
What are the prime factors of 5381?
5381
List the prime factors of 38164.
2, 7, 29, 47
List the prime factors of 17684.
2, 4421
List the prime factors of 53490.
2, 3, 5, 1783
List the prime factors of 24782.
2, 12391
List the prime factors of 770.
2, 5, 7, 11
What are the prime factors of 19737?
3, 17, 43
List the prime factors of 97965.
3, 5, 7, 311
List the prime factors of 57323.
7, 19, 431
List the prime factors of 41850.
2, 3, 5, 31
What are the prime factors of 